4*d + 2 = -2. Let h(m) = m**3 - m**2 - 2*m - 1. What is h(d)?
-1
Let i(q) = -2*q - 4 - 5*q**2 + 2*q**2 + q**2 + 2. Calculate i(-2).
-6
Let u(y) be the first derivative of y**4/4 + 5*y**3/3 - y**2 - y + 8. Calculate u(-5).
9
Let z(a) = 0 + 32*a - 31*a - 2. Calculate z(7).
5
Let y(i) = i**3 - i**2 - i. Suppose 3*c + 4*c - 28 = 0. Suppose -c*v = -0*v - 8. Determine y(v).
2
Let f(v) = -6*v + 4 + 6*v + 2*v - v**2. Calculate f(4).
-4
Suppose -4*w = -2*n + 4 + 4, 2*w = -n. Let o(r) = n*r + 2*r**3 + 2*r**3 - 6*r**3 + 1. Let u = -2 - -1. What is o(u)?
1
Let y(f) = -f**3 + 3*f**2 + f - 3. Suppose -16 = -3*v - v. Suppose -v - 5 = -3*w. Suppose -w*i + 6 = -i. Give y(i).
0
Let w = 65 - 63. Let r(g) be the first derivative of 1/4*g**4 + 3/2*g**2 + 5/3*g**3 - w - 4*g. Calculate r(-3).
5
Let o(x) be the third derivative of -x**5/60 + x**4/6 + x**3 - 26*x**2. Give o(6).
-6
Let v(x) = -x**3 - x**2 - 1. Let d = -22 + 16. Let l(w) = -5*w**3 - 13*w**2 + 6*w - 7. Let h(q) = d*v(q) + l(q). Calculate h(6).
-1
Let v = -5 + 8. Let z(u) = -10 + 11 - 8*u + v - u**2. Give z(-6).
16
Suppose 4*k = -5*m + 9, k = 3*m - 1 - 18. Let w be k/(-6) + 60/18. Suppose -2*u - w + 2 = 0. Let l(g) = -2*g**2 + 1. Calculate l(u).
-1
Let g be ((-6)/18)/((-2)/18). Suppose 4 = 2*w - d, -g*w + 2 - 7 = 4*d. Let l be w*4 + (-4)/2. Let i(b) = 2*b**3 - 4*b**2 + 2*b. Give i(l).
4
Let a = 9 + -10. Let s(j) = -3*j**2 + j + 1. Determine s(a).
-3
Let u(z) = -z**3 + 3*z - 2. Suppose 0 = 4*q - q - 12. Let w = 0 + q. Suppose 20 = -j + 5*j, w*j = 3*t + 14. Determine u(t).
-4
Let f(o) = -5*o**3. Let q be f(-1). Let z(m) = q*m**2 - 3*m - 3 + 2*m**3 - 3*m**3 - 1. Calculate z(4).
0
Let a(c) = -c - 2*c**2 + 3*c**3 + 0*c**2 - 5*c**3 + 3*c**2 - 1. Calculate a(-1).
3
Let j(v) = -3*v - 3. Suppose 2*z + 2*t - 7*t + 4 = 0, -t + 2 = 0. Calculate j(z).
-12
Let f(a) = a + 7. Suppose 3*n = -9, 4*n = q - 20 - 1. Suppose 5*m = 2*m + q. Suppose -5*c - 15 = -2*b, c - 4*b = -m*b. What is f(c)?
2
Let x(v) be the first derivative of -v**2/2 - v - 4. Let z be (-12)/(-10)*(-10)/4. What is x(z)?
2
Let d(k) = -k**2 - 5*k - 6. Let n be d(-4). Let w be (14/3)/(n/(-3)). Let r(i) = -2*i**2 + 2*i**3 - w*i**3 - 3 + 4*i**3 - 2*i. What is r(-2)?
1
Let r(a) = -a. Suppose -4*v = -0*v - 24. Let b(c) be the third derivative of -c**4/24 - c**3/6 + 3*c**2. Let y(n) = v*r(n) - 3*b(n). What is y(3)?
-6
Let s be (-6)/4*(-92)/(-69). Let g(y) be the third derivative of 0*y - y**2 + 0 + 1/60*y**5 - 1/3*y**3 - 1/12*y**4. Give g(s).
6
Let v(q) = -2*q + 2*q + 81*q**2 - 80*q**2 + 6. Let a(y) = y**2 - 4*y - 5. Let o be a(5). Calculate v(o).
6
Suppose 0*h + 2*r - 10 = h, -h - r = -2. Let y be 1 - 2 - (-1 + h). Let k(o) = -y + 1 + 2*o**2 - 2*o + 0*o**2. Calculate k(2).
3
Let c(i) = -i**2 + 4*i - 6. Suppose -5*z - w = 12, 5*z + 4*w - 2*w = -9. Let r be -1 - (z*2 - -1). Give c(r).
-6
Let t(r) = 3*r**3 + 4*r - 2. Let i(b) = 7*b**3 + b**2 + 8*b - 5. Let q(d) = 4*i(d) - 9*t(d). Calculate q(-5).
-7
Let n(x) = 20*x**3 - 3 + 2 + 2 - 21*x**3. Determine n(2).
-7
Let f(c) = -c**2 - 7*c - 8. Let r be f(-5). Let d = 6 - 4. Let x(u) = u**2 + u**d - 3*u**2. Give x(r).
-4
Let g(h) = -3*h - 7. Let f(v) = v**2 + 9*v + 12. Let k be f(-6). What is g(k)?
11
Let b(s) = 5*s**2 - s + 9. Let h(g) = g**2 + g + 1. Let f(r) = -b(r) + 6*h(r). Let c be f(-7). Let w(o) = -3*o - 2. What is w(c)?
7
Suppose 7*n - 20 = 3*n. Suppose -18 = 2*j - n*j. Let p = j + -3. Let m(s) = s**3 - s**2 - 5*s + 2. What is m(p)?
5
Let y(s) = -4*s**3 + 4*s**2 - 3*s + 1. Let l = -59 - -61. Determine y(l).
-21
Let u(c) be the first derivative of c**4/12 - c**3/2 - c**2/2 - 8*c - 1. Let f(s) be the first derivative of u(s). Calculate f(3).
-1
Let l(i) = 4*i - 5. Let d = -3 + 9. What is l(d)?
19
Let f be (-76)/(-57)*3/(-2). Let o(s) be the third derivative of s**6/120 - s**4/8 - s**3/2 + 5*s**2. Calculate o(f).
-5
Let j(d) be the first derivative of d**2/2 + 4*d + 7. Calculate j(-4).
0
Let j = 2 + 0. Let i(k) = -2*k**2 - 4*k**j + 5*k**2 - 3 - 4*k. Suppose 0*w - 21 = 5*c - 2*w, -2*w + 6 = 0. Determine i(c).
0
Let j(p) be the second derivative of -p**3/6 + 30*p. Give j(-6).
6
Let r(p) = 3*p**2 + 4*p**2 + 1 - 2*p**2 - 2*p. Determine r(1).
4
Let y(g) = -g**3 + 2*g**2 + 3*g. Suppose -9 = -2*a + 3*p, -6*p = 3*a - p - 4. Determine y(a).
0
Let d(g) = 2*g + 2. Let h be d(1). Let p(m) = 5 - h + 2*m - m. Give p(-1).
0
Let t(z) be the third derivative of -z**5/60 + z**4/4 - 3*z**3/2 - 2*z**2 + 8*z. Suppose 4 = 4*i - 20. Calculate t(i).
-9
Let k(f) = 2*f - 1. Let v = -10 - -12. Let m be v/(-8)*(-8 + 4). Calculate k(m).
1
Let x(f) = 6*f**2 - 14*f**2 + 0*f + f. Calculate x(1).
-7
Let k(l) = 5*l + 1. Let o(j) = -2 - 2*j - 3*j - j + j. Let i(t) = 3*k(t) + 2*o(t). Calculate i(1).
4
Let l be (-3 + 0)*(-8)/(-3). Let x be (-4)/(-10) - l/(-20). Let u(d) = d**2 - 12. Determine u(x).
-12
Let b(j) = -8*j - j**2 - 4 - 5*j + 4*j. Calculate b(-6).
14
Let l be (-15)/(-12 + 7)*(-2)/(-6). Let h(u) = 5*u**2 - 2*u + 1. Determine h(l).
4
Suppose -3*b = 4*g - 8*b - 22, 5*g - 5 = -5*b. Let w = g + -4. Let z be -1 - (w/1)/1. Let a(r) = -r**3 - r**2 + r - 4. Determine a(z).
-4
Let f(a) be the third derivative of a**5/60 - a**4/12 - 2*a**3/3 - 3*a**2. Suppose -3*p - 1 + 13 = 0. Determine f(p).
4
Let h(n) = 3*n**3 + n - 2. Let d(v) = -7*v**3 - v**2 - 3*v + 3. Let c(y) = 2*d(y) + 5*h(y). Let a be (-2)/3 - (-11)/3. What is c(a)?
2
Let t(h) = 3*h**2 + 10*h. Let f(j) = 5*j**2 + 15*j. Let c(u) = 5*f(u) - 8*t(u). Let g(m) be the first derivative of -2*m**2 + m - 2. Let z be g(-1). Give c(z).
0
Let m(l) be the third derivative of l**4/24 + l**3 - 2*l**2. Let n be (-5)/3 - 20/15. Let w be m(n). Let r(g) = g**3 - 4*g**2 + 3*g - 3. Determine r(w).
-3
Suppose -3*p + 3 = 3*u, -2*p = -0*p - 3*u - 7. Let r(m) = -m**p + 0*m - 4*m**2 + 3*m + 3*m**2. Let b(y) = -y**2 - 4*y + 7. Let n be b(-5). Determine r(n).
-2
Let p(h) = -3*h**3. Let m = 5 + 3. Let b = -8 - -9. Suppose -3*j = -5*d - m, 2 = 4*j + 3*d + b. Give p(j).
-3
Let v(o) = -2*o**2 - 2*o + 0*o**2 - 3*o + 3*o**2. Calculate v(5).
0
Let y(h) = -4*h - 1. Let m = 26 + -24. Calculate y(m).
-9
Let k(n) be the third derivative of -n**7/840 + n**6/90 + n**5/30 + n**4/6 - n**3/3 + 3*n**2. Let m(v) be the first derivative of k(v). Give m(5).
-1
Let l = -36 - -38. Let w(y) = -2*y**3 + 3*y**2 - 2*y + 2. What is w(l)?
-6
Let s = 10 - 15. Let b(p) = -24*p**2 - 5*p**3 + 3*p**3 + 26*p**2 - 2 - 3*p. Let k(a) = 3*a**3 - 5*a**2 + 5*a + 4. Let z(q) = -5*b(q) - 3*k(q). Determine z(s).
-2
Let h(t) be the second derivative of 1/24*t**4 + 1/2*t**2 - 1/6*t**3 + 0 - 2*t. Let c(x) be the first derivative of h(x). What is c(3)?
2
Let z(y) be the third derivative of -y**4/12 - 5*y**3/6 + 11*y**2 - 4*y. What is z(-5)?
5
Let l(s) = 1 + 4*s - 7 - 3*s. What is l(-7)?
-13
Suppose 3*z = 2*d - 30, 0 = -3*d - 0*d + 9. Let f(c) = -c**3 - 9*c**2 - 7*c. What is f(z)?
-8
Let o(f) = -4*f - 2 - 2*f + 3*f - 2*f. What is o(2)?
-12
Let n(a) be the third derivative of -a**8/20160 + a**7/840 + a**6/360 + a**5/30 + 4*a**2. Let d(l) be the third derivative of n(l). Calculate d(5).
7
Let r(b) = -13*b**3 + 12*b**2 + 5*b - 19. Let m(g) = -7*g**3 + 6*g**2 + 3*g - 10. Let q(c) = -11*m(c) + 6*r(c). Determine q(5).
6
Let c(m) = m - 1. Let z be -16 - -18 - 1*-3. Calculate c(z).
4
Let f = -49 + 69. Suppose 0*j = -4*j + f. Suppose -2 = -j*a - 12. Let y(w) = -w**3 - 4*w**2 - w + 2. What is y(a)?
-4
Let g be 1/((-3)/15 + 0). Let k = 10 + g. Let l(d) = d**3 - 5*d**2 - d + 4. Determine l(k).
-1
Let n(d) = -2*d + 1 - 3*d**2 + 2*d - 4*d - 4. Calculate n(-2).
-7
Let z(a) be the first derivative of -a**3/3 + 4*a**2 + 10*a + 23. What is z(8)?
10
Let h(w) = -w + 5. Let j be h(5). Let o(c) = c + 2 - 5*c**2 + 0*c + 8*c**2 - 2*c**2. Give o(j).
2
Let m be ((-72)/42)/((-4)/14). Let j(h) = 0 - 5*h**2 - m - 6*h - 14*h**3 + 15*h**3. Determine j(6).
-6
Let k(z) be the first derivative of -2*z**3 - z**2 + 1/4*z**4 + 4*z - 6. What is k(6)?
-8
Let r(o) = o**3 + 3*o**2 + 3*o + 3. Let x(z) = -2 - 4*z**3 - 8*z + 0*z**3 + 2*z**3 + z**3 - 9*z**2. Let g be x(-8). Determine r(g).
1
Let x(b) be the second derivative of -b**3/6 + 2*b**2 + 7*b. What is x(4)?
0
Suppose -3*f = 3*r + f + 19, -r - 4*f - 9 = 0. Let z(t) = -t**2 - 6*t - 2. Determine z(r).
3
Let l(f) = -3*f + 2. Let s be l(2). Let j(z) = z*